{"id":2,"date":"2024-05-20T11:09:45","date_gmt":"2024-05-20T11:09:45","guid":{"rendered":"https:\/\/decoracionalexandruleon.rkinformatika.online\/?page_id=2"},"modified":"2025-05-26T15:35:53","modified_gmt":"2025-05-26T15:35:53","slug":"inicio","status":"publish","type":"page","link":"https:\/\/decoracionalexandruleon.com\/eus\/","title":{"rendered":"Inicio"},"content":{"rendered":"<div data-elementor-type=\"wp-page\" data-elementor-id=\"2\" class=\"elementor elementor-2\" data-elementor-post-type=\"page\">\n\t\t\t\t\t\t<section class=\"elementor-section elementor-top-section elementor-element elementor-element-75d73e4 elementor-section-boxed elementor-section-height-default elementor-section-height-default\" data-id=\"75d73e4\" data-element_type=\"section\" data-e-type=\"section\" data-settings=\"{&quot;background_background&quot;:&quot;classic&quot;}\">\n\t\t\t\t\t\t\t<div class=\"elementor-background-overlay\"><\/div>\n\t\t\t\t\t\t\t<div class=\"elementor-container elementor-column-gap-default\">\n\t\t\t\t\t<div class=\"elementor-column elementor-col-100 elementor-top-column elementor-element elementor-element-406b482\" data-id=\"406b482\" data-element_type=\"column\" data-e-type=\"column\">\n\t\t\t<div class=\"elementor-widget-wrap elementor-element-populated\">\n\t\t\t\t\t\t<div class=\"elementor-element elementor-element-4e7e7cf elementor-widget elementor-widget-heading\" data-id=\"4e7e7cf\" data-element_type=\"widget\" data-e-type=\"widget\" data-widget_type=\"heading.default\">\n\t\t\t\t<div class=\"elementor-widget-container\">\n\t\t\t\t\t<h2 class=\"elementor-heading-title elementor-size-default\">Dekorazioa &amp; <br>Isolamendua  Alexandru Leon<\/h2>\t\t\t\t<\/div>\n\t\t\t\t<\/div>\n\t\t\t\t<div class=\"elementor-element elementor-element-ba98916 elementor-widget elementor-widget-text-editor\" data-id=\"ba98916\" data-element_type=\"widget\" data-e-type=\"widget\" data-widget_type=\"text-editor.default\">\n\t\t\t\t<div class=\"elementor-widget-container\">\n\t\t\t\t\t\t\t\t\t<p>Zure pladur Dekorazioa, Isolamendua eta Eraberritzeak<\/p>\t\t\t\t\t\t\t\t<\/div>\n\t\t\t\t<\/div>\n\t\t\t\t\t<\/div>\n\t\t<\/div>\n\t\t\t\t\t<\/div>\n\t\t<\/section>\n\t\t\t\t<section class=\"elementor-section elementor-top-section elementor-element elementor-element-3a9fb445 elementor-section-content-middle elementor-section-boxed elementor-section-height-default elementor-section-height-default\" data-id=\"3a9fb445\" data-element_type=\"section\" data-e-type=\"section\" data-settings=\"{&quot;background_background&quot;:&quot;classic&quot;}\">\n\t\t\t\t\t\t\t<div class=\"elementor-background-overlay\"><\/div>\n\t\t\t\t\t\t\t<div class=\"elementor-container elementor-column-gap-no\">\n\t\t\t\t\t<div class=\"elementor-column elementor-col-50 elementor-top-column elementor-element elementor-element-557e46b1\" data-id=\"557e46b1\" data-element_type=\"column\" data-e-type=\"column\" data-settings=\"{&quot;background_background&quot;:&quot;classic&quot;}\">\n\t\t\t<div class=\"elementor-widget-wrap elementor-element-populated\">\n\t\t\t\t\t\t<div class=\"elementor-element elementor-element-cf50c8f elementor-widget elementor-widget-heading\" data-id=\"cf50c8f\" data-element_type=\"widget\" data-e-type=\"widget\" data-widget_type=\"heading.default\">\n\t\t\t\t<div class=\"elementor-widget-container\">\n\t\t\t\t\t<h2 class=\"elementor-heading-title elementor-size-default\">Guri Buruz<\/h2>\t\t\t\t<\/div>\n\t\t\t\t<\/div>\n\t\t\t\t<section class=\"elementor-section elementor-inner-section elementor-element elementor-element-6dd3cd9d elementor-section-content-middle elementor-section-boxed elementor-section-height-default elementor-section-height-default\" data-id=\"6dd3cd9d\" data-element_type=\"section\" data-e-type=\"section\">\n\t\t\t\t\t\t<div class=\"elementor-container elementor-column-gap-default\">\n\t\t\t\t\t<div class=\"elementor-column elementor-col-50 elementor-inner-column elementor-element elementor-element-3a4fa67\" data-id=\"3a4fa67\" data-element_type=\"column\" data-e-type=\"column\">\n\t\t\t<div class=\"elementor-widget-wrap elementor-element-populated\">\n\t\t\t\t\t\t<div class=\"elementor-element elementor-element-397dc650 elementor-widget-divider--view-line elementor-widget elementor-widget-divider\" data-id=\"397dc650\" data-element_type=\"widget\" data-e-type=\"widget\" data-widget_type=\"divider.default\">\n\t\t\t\t<div class=\"elementor-widget-container\">\n\t\t\t\t\t\t\t<div class=\"elementor-divider\">\n\t\t\t<span class=\"elementor-divider-separator\">\n\t\t\t\t\t\t<\/span>\n\t\t<\/div>\n\t\t\t\t\t\t<\/div>\n\t\t\t\t<\/div>\n\t\t\t\t\t<\/div>\n\t\t<\/div>\n\t\t\t\t<div class=\"elementor-column elementor-col-50 elementor-inner-column elementor-element elementor-element-32f40ce1\" data-id=\"32f40ce1\" data-element_type=\"column\" data-e-type=\"column\">\n\t\t\t<div class=\"elementor-widget-wrap\">\n\t\t\t\t\t\t\t<\/div>\n\t\t<\/div>\n\t\t\t\t\t<\/div>\n\t\t<\/section>\n\t\t\t\t<div class=\"elementor-element elementor-element-542fb0ed elementor-widget elementor-widget-text-editor\" data-id=\"542fb0ed\" data-element_type=\"widget\" data-e-type=\"widget\" data-widget_type=\"text-editor.default\">\n\t\t\t\t<div class=\"elementor-widget-container\">\n\t\t\t\t\t\t\t\t\t<p>Dekorazioa &amp; Isolamendua Alexandru Leon zure aliatua da etxe, negozio eta industrietarako berrikuntzetan. Pladur, isolamendu eta eraikuntza-materialen horniduran espezializatzen gara. Kalitatean dugun dedikazioak eta proiektu bakoitzarekiko konpromisoak bereizten gaituzte. Hobekuntza txikietatik hasi eta eraldaketa handietaraino, zure ideiak egia bihurtzeko gaude hemen.<\/p><p>Gurekin bat egin inspiratzen eta irauten duten espazioak sortzeko. Xehetasunei eta profesionalismoari erreparatuz, proiektu bakoitzean aparteko emaitzak bermatzen ditugu. Dekorazioa &amp; Isolamendua Alexandru Leonen, egiturak baino gehiago eraikitzen ditugu, zure estiloa islatzen duten eta denboran irauten duten giroak sortzen ditugu.<\/p>\t\t\t\t\t\t\t\t<\/div>\n\t\t\t\t<\/div>\n\t\t\t\t<div class=\"elementor-element elementor-element-7fce02e7 elementor-align-left elementor-mobile-align-center elementor-widget elementor-widget-button\" data-id=\"7fce02e7\" data-element_type=\"widget\" data-e-type=\"widget\" data-widget_type=\"button.default\">\n\t\t\t\t<div class=\"elementor-widget-container\">\n\t\t\t\t\t\t\t\t\t<div class=\"elementor-button-wrapper\">\n\t\t\t\t\t<a class=\"elementor-button elementor-button-link elementor-size-sm\" href=\"https:\/\/decoracionalexandruleon.com\/eus\/servicios\/\">\n\t\t\t\t\t\t<span class=\"elementor-button-content-wrapper\">\n\t\t\t\t\t\t\t\t\t<span class=\"elementor-button-text\">Zerbitzuak<\/span>\n\t\t\t\t\t<\/span>\n\t\t\t\t\t<\/a>\n\t\t\t\t<\/div>\n\t\t\t\t\t\t\t\t<\/div>\n\t\t\t\t<\/div>\n\t\t\t\t\t<\/div>\n\t\t<\/div>\n\t\t\t\t<div class=\"elementor-column elementor-col-50 elementor-top-column elementor-element elementor-element-dab71e3\" data-id=\"dab71e3\" data-element_type=\"column\" data-e-type=\"column\" data-settings=\"{&quot;background_background&quot;:&quot;classic&quot;}\">\n\t\t\t<div class=\"elementor-widget-wrap elementor-element-populated\">\n\t\t\t\t\t<div class=\"elementor-background-overlay\"><\/div>\n\t\t\t\t\t\t<section class=\"elementor-section elementor-inner-section elementor-element elementor-element-9fd4805 elementor-section-full_width elementor-section-height-default elementor-section-height-default\" data-id=\"9fd4805\" data-element_type=\"section\" data-e-type=\"section\" data-settings=\"{&quot;background_background&quot;:&quot;classic&quot;}\">\n\t\t\t\t\t\t\t<div class=\"elementor-background-overlay\"><\/div>\n\t\t\t\t\t\t\t<div class=\"elementor-container elementor-column-gap-no\">\n\t\t\t\t\t<div class=\"elementor-column elementor-col-100 elementor-inner-column elementor-element elementor-element-2da9d2d6\" data-id=\"2da9d2d6\" data-element_type=\"column\" data-e-type=\"column\" data-settings=\"{&quot;background_background&quot;:&quot;classic&quot;}\">\n\t\t\t<div class=\"elementor-widget-wrap elementor-element-populated\">\n\t\t\t\t\t\t<div class=\"elementor-element elementor-element-6e317b64 elementor-widget elementor-widget-image\" data-id=\"6e317b64\" data-element_type=\"widget\" data-e-type=\"widget\" data-widget_type=\"image.default\">\n\t\t\t\t<div class=\"elementor-widget-container\">\n\t\t\t\t\t\t\t\t\t\t\t\t\t\t\t<img decoding=\"async\" src=\"https:\/\/decoracionalexandruleon.com\/wp-content\/uploads\/elementor\/thumbs\/3-qoh7kyipj8pc1o1chix3jac1sguaosbqhuwa8kqto0.png\" title=\"3\" alt=\"hathat\" loading=\"lazy\" \/>\t\t\t\t\t\t\t\t\t\t\t\t\t\t\t<\/div>\n\t\t\t\t<\/div>\n\t\t\t\t\t<\/div>\n\t\t<\/div>\n\t\t\t\t\t<\/div>\n\t\t<\/section>\n\t\t\t\t\t<\/div>\n\t\t<\/div>\n\t\t\t\t\t<\/div>\n\t\t<\/section>\n\t\t\t\t<section class=\"elementor-section elementor-top-section elementor-element elementor-element-2603af7 elementor-section-full_width elementor-section-height-default elementor-section-height-default\" data-id=\"2603af7\" data-element_type=\"section\" data-e-type=\"section\" data-settings=\"{&quot;background_background&quot;:&quot;classic&quot;}\">\n\t\t\t\t\t\t\t<div class=\"elementor-background-overlay\"><\/div>\n\t\t\t\t\t\t\t<div class=\"elementor-container elementor-column-gap-default\">\n\t\t\t\t\t<div class=\"elementor-column elementor-col-100 elementor-top-column elementor-element elementor-element-a2961f4 elementor-invisible\" data-id=\"a2961f4\" data-element_type=\"column\" data-e-type=\"column\" data-settings=\"{&quot;animation&quot;:&quot;fadeIn&quot;}\">\n\t\t\t<div class=\"elementor-widget-wrap elementor-element-populated\">\n\t\t\t\t\t\t<div class=\"elementor-element elementor-element-2f3b0f5 elementor-widget elementor-widget-heading\" data-id=\"2f3b0f5\" data-element_type=\"widget\" data-e-type=\"widget\" data-widget_type=\"heading.default\">\n\t\t\t\t<div class=\"elementor-widget-container\">\n\t\t\t\t\t<h2 class=\"elementor-heading-title elementor-size-default\">Elkarrekin lanean hasteko prest? <\/h2>\t\t\t\t<\/div>\n\t\t\t\t<\/div>\n\t\t\t\t<div class=\"elementor-element elementor-element-f990fee elementor-widget elementor-widget-text-editor\" data-id=\"f990fee\" data-element_type=\"widget\" data-e-type=\"widget\" data-widget_type=\"text-editor.default\">\n\t\t\t\t<div class=\"elementor-widget-container\">\n\t\t\t\t\t\t\t\t\t<p>Jarri gurekin harremanetan aukera guztiak aztertzeko.<\/p>\t\t\t\t\t\t\t\t<\/div>\n\t\t\t\t<\/div>\n\t\t\t\t<div class=\"elementor-element elementor-element-3cceae5 elementor-align-center elementor-widget elementor-widget-button\" data-id=\"3cceae5\" data-element_type=\"widget\" data-e-type=\"widget\" data-widget_type=\"button.default\">\n\t\t\t\t<div class=\"elementor-widget-container\">\n\t\t\t\t\t\t\t\t\t<div class=\"elementor-button-wrapper\">\n\t\t\t\t\t<a class=\"elementor-button elementor-button-link elementor-size-sm\" href=\"https:\/\/decoracionalexandruleon.com\/eus\/contacto\/\">\n\t\t\t\t\t\t<span class=\"elementor-button-content-wrapper\">\n\t\t\t\t\t\t\t\t\t<span class=\"elementor-button-text\">Kontaktatu<\/span>\n\t\t\t\t\t<\/span>\n\t\t\t\t\t<\/a>\n\t\t\t\t<\/div>\n\t\t\t\t\t\t\t\t<\/div>\n\t\t\t\t<\/div>\n\t\t\t\t\t<\/div>\n\t\t<\/div>\n\t\t\t\t\t<\/div>\n\t\t<\/section>\n\t\t\t\t<\/div>","protected":false},"excerpt":{"rendered":"<p>Decoraci\u00f3n &amp; Aislamiento Alexandru Leon Tu Decoraci\u00f3n, Aislamiento y Reformas de pladur Sobre Nosotros Decoraci\u00f3n &amp; Aislamiento Alexandru Leon es tu aliado en renovaciones para hogares, negocios e industrias. Nos especializamos en pladur, aislamiento y suministro de materiales de construcci\u00f3n. Nuestra dedicaci\u00f3n a la calidad y el compromiso con cada proyecto nos distinguen. Desde peque\u00f1as [&hellip;]<\/p>\n","protected":false},"author":1,"featured_media":0,"parent":0,"menu_order":0,"comment_status":"closed","ping_status":"closed","template":"elementor_canvas","meta":{"footnotes":""},"class_list":["post-2","page","type-page","status-publish","hentry"],"yoast_head":"<!-- This site is optimized with the Yoast SEO plugin v27.6 - https:\/\/yoast.com\/product\/yoast-seo-wordpress\/ -->\n<title>Inicio - Decoraci\u00f3n &amp; Aislamiento Alexandru Leon<\/title>\n<meta name=\"robots\" content=\"index, follow, max-snippet:-1, max-image-preview:large, max-video-preview:-1\" \/>\n<link rel=\"canonical\" href=\"https:\/\/decoracionalexandruleon.com\/eus\/\" \/>\n<meta property=\"og:locale\" content=\"en_US\" \/>\n<meta property=\"og:type\" content=\"article\" \/>\n<meta property=\"og:title\" content=\"Inicio - Decoraci\u00f3n &amp; Aislamiento Alexandru Leon\" \/>\n<meta property=\"og:description\" content=\"Decoraci\u00f3n &amp; Aislamiento Alexandru Leon Tu Decoraci\u00f3n, Aislamiento y Reformas de pladur Sobre Nosotros Decoraci\u00f3n &amp; Aislamiento Alexandru Leon es tu aliado en renovaciones para hogares, negocios e industrias. Nos especializamos en pladur, aislamiento y suministro de materiales de construcci\u00f3n. Nuestra dedicaci\u00f3n a la calidad y el compromiso con cada proyecto nos distinguen. Desde peque\u00f1as [&hellip;]\" \/>\n<meta property=\"og:url\" content=\"https:\/\/decoracionalexandruleon.com\/eus\/\" \/>\n<meta property=\"og:site_name\" content=\"Decoraci\u00f3n &amp; Aislamiento Alexandru Leon\" \/>\n<meta property=\"article:modified_time\" content=\"2025-05-26T15:35:53+00:00\" \/>\n<meta property=\"og:image\" content=\"https:\/\/decoracionalexandruleon.com\/wp-content\/uploads\/elementor\/thumbs\/3-qoh7kyipj8pc1o1chix3jac1sguaosbqhuwa8kqto0.png\" \/>\n<meta name=\"twitter:card\" content=\"summary_large_image\" \/>\n<meta name=\"twitter:label1\" content=\"Est. reading time\" \/>\n\t<meta name=\"twitter:data1\" content=\"1 minutua\" \/>\n<script type=\"application\/ld+json\" class=\"yoast-schema-graph\">{\"@context\":\"https:\\\/\\\/schema.org\",\"@graph\":[{\"@type\":\"WebPage\",\"@id\":\"https:\\\/\\\/decoracionalexandruleon.com\\\/\",\"url\":\"https:\\\/\\\/decoracionalexandruleon.com\\\/\",\"name\":\"Inicio - Decoraci\u00f3n &amp; Aislamiento Alexandru Leon\",\"isPartOf\":{\"@id\":\"https:\\\/\\\/decoracionalexandruleon.com\\\/#website\"},\"primaryImageOfPage\":{\"@id\":\"https:\\\/\\\/decoracionalexandruleon.com\\\/#primaryimage\"},\"image\":{\"@id\":\"https:\\\/\\\/decoracionalexandruleon.com\\\/#primaryimage\"},\"thumbnailUrl\":\"https:\\\/\\\/decoracionalexandruleon.com\\\/wp-content\\\/uploads\\\/elementor\\\/thumbs\\\/3-qoh7kyipj8pc1o1chix3jac1sguaosbqhuwa8kqto0.png\",\"datePublished\":\"2024-05-20T11:09:45+00:00\",\"dateModified\":\"2025-05-26T15:35:53+00:00\",\"breadcrumb\":{\"@id\":\"https:\\\/\\\/decoracionalexandruleon.com\\\/#breadcrumb\"},\"inLanguage\":\"eu\",\"potentialAction\":[{\"@type\":\"ReadAction\",\"target\":[\"https:\\\/\\\/decoracionalexandruleon.com\\\/\"]}]},{\"@type\":\"ImageObject\",\"inLanguage\":\"eu\",\"@id\":\"https:\\\/\\\/decoracionalexandruleon.com\\\/#primaryimage\",\"url\":\"https:\\\/\\\/decoracionalexandruleon.com\\\/wp-content\\\/uploads\\\/elementor\\\/thumbs\\\/3-qoh7kyipj8pc1o1chix3jac1sguaosbqhuwa8kqto0.png\",\"contentUrl\":\"https:\\\/\\\/decoracionalexandruleon.com\\\/wp-content\\\/uploads\\\/elementor\\\/thumbs\\\/3-qoh7kyipj8pc1o1chix3jac1sguaosbqhuwa8kqto0.png\"},{\"@type\":\"BreadcrumbList\",\"@id\":\"https:\\\/\\\/decoracionalexandruleon.com\\\/#breadcrumb\",\"itemListElement\":[{\"@type\":\"ListItem\",\"position\":1,\"name\":\"Portada\",\"item\":\"https:\\\/\\\/decoracionalexandruleon.com\\\/\"},{\"@type\":\"ListItem\",\"position\":2,\"name\":\"Inicio\"}]},{\"@type\":\"WebSite\",\"@id\":\"https:\\\/\\\/decoracionalexandruleon.com\\\/#website\",\"url\":\"https:\\\/\\\/decoracionalexandruleon.com\\\/\",\"name\":\"Decoraci\u00f3n &amp; Aislamiento Alexandru Leon\",\"description\":\"Decoraci\u00f3n, Aislamiento y Reformas de pladur \",\"potentialAction\":[{\"@type\":\"SearchAction\",\"target\":{\"@type\":\"EntryPoint\",\"urlTemplate\":\"https:\\\/\\\/decoracionalexandruleon.com\\\/?s={search_term_string}\"},\"query-input\":{\"@type\":\"PropertyValueSpecification\",\"valueRequired\":true,\"valueName\":\"search_term_string\"}}],\"inLanguage\":\"eu\"}]}<\/script>\n<!-- \/ Yoast SEO plugin. -->","yoast_head_json":{"title":"Inicio - Decoraci\u00f3n &amp; Aislamiento Alexandru Leon","robots":{"index":"index","follow":"follow","max-snippet":"max-snippet:-1","max-image-preview":"max-image-preview:large","max-video-preview":"max-video-preview:-1"},"canonical":"https:\/\/decoracionalexandruleon.com\/eus\/","og_locale":"en_US","og_type":"article","og_title":"Inicio - Decoraci\u00f3n &amp; Aislamiento Alexandru Leon","og_description":"Decoraci\u00f3n &amp; Aislamiento Alexandru Leon Tu Decoraci\u00f3n, Aislamiento y Reformas de pladur Sobre Nosotros Decoraci\u00f3n &amp; Aislamiento Alexandru Leon es tu aliado en renovaciones para hogares, negocios e industrias. Nos especializamos en pladur, aislamiento y suministro de materiales de construcci\u00f3n. Nuestra dedicaci\u00f3n a la calidad y el compromiso con cada proyecto nos distinguen. Desde peque\u00f1as [&hellip;]","og_url":"https:\/\/decoracionalexandruleon.com\/eus\/","og_site_name":"Decoraci\u00f3n &amp; Aislamiento Alexandru Leon","article_modified_time":"2025-05-26T15:35:53+00:00","og_image":[{"url":"https:\/\/decoracionalexandruleon.com\/wp-content\/uploads\/elementor\/thumbs\/3-qoh7kyipj8pc1o1chix3jac1sguaosbqhuwa8kqto0.png","type":"","width":"","height":""}],"twitter_card":"summary_large_image","twitter_misc":{"Est. reading time":"1 minutua"},"schema":{"@context":"https:\/\/schema.org","@graph":[{"@type":"WebPage","@id":"https:\/\/decoracionalexandruleon.com\/","url":"https:\/\/decoracionalexandruleon.com\/","name":"Inicio - Decoraci\u00f3n &amp; Aislamiento Alexandru Leon","isPartOf":{"@id":"https:\/\/decoracionalexandruleon.com\/#website"},"primaryImageOfPage":{"@id":"https:\/\/decoracionalexandruleon.com\/#primaryimage"},"image":{"@id":"https:\/\/decoracionalexandruleon.com\/#primaryimage"},"thumbnailUrl":"https:\/\/decoracionalexandruleon.com\/wp-content\/uploads\/elementor\/thumbs\/3-qoh7kyipj8pc1o1chix3jac1sguaosbqhuwa8kqto0.png","datePublished":"2024-05-20T11:09:45+00:00","dateModified":"2025-05-26T15:35:53+00:00","breadcrumb":{"@id":"https:\/\/decoracionalexandruleon.com\/#breadcrumb"},"inLanguage":"eu","potentialAction":[{"@type":"ReadAction","target":["https:\/\/decoracionalexandruleon.com\/"]}]},{"@type":"ImageObject","inLanguage":"eu","@id":"https:\/\/decoracionalexandruleon.com\/#primaryimage","url":"https:\/\/decoracionalexandruleon.com\/wp-content\/uploads\/elementor\/thumbs\/3-qoh7kyipj8pc1o1chix3jac1sguaosbqhuwa8kqto0.png","contentUrl":"https:\/\/decoracionalexandruleon.com\/wp-content\/uploads\/elementor\/thumbs\/3-qoh7kyipj8pc1o1chix3jac1sguaosbqhuwa8kqto0.png"},{"@type":"BreadcrumbList","@id":"https:\/\/decoracionalexandruleon.com\/#breadcrumb","itemListElement":[{"@type":"ListItem","position":1,"name":"Portada","item":"https:\/\/decoracionalexandruleon.com\/"},{"@type":"ListItem","position":2,"name":"Inicio"}]},{"@type":"WebSite","@id":"https:\/\/decoracionalexandruleon.com\/#website","url":"https:\/\/decoracionalexandruleon.com\/","name":"Decoraci\u00f3n &amp; Aislamiento Alexandru Leon","description":"Decoraci\u00f3n, Aislamiento y Reformas de pladur","potentialAction":[{"@type":"SearchAction","target":{"@type":"EntryPoint","urlTemplate":"https:\/\/decoracionalexandruleon.com\/?s={search_term_string}"},"query-input":{"@type":"PropertyValueSpecification","valueRequired":true,"valueName":"search_term_string"}}],"inLanguage":"eu"}]}},"_links":{"self":[{"href":"https:\/\/decoracionalexandruleon.com\/eus\/wp-json\/wp\/v2\/pages\/2","targetHints":{"allow":["GET"]}}],"collection":[{"href":"https:\/\/decoracionalexandruleon.com\/eus\/wp-json\/wp\/v2\/pages"}],"about":[{"href":"https:\/\/decoracionalexandruleon.com\/eus\/wp-json\/wp\/v2\/types\/page"}],"author":[{"embeddable":true,"href":"https:\/\/decoracionalexandruleon.com\/eus\/wp-json\/wp\/v2\/users\/1"}],"replies":[{"embeddable":true,"href":"https:\/\/decoracionalexandruleon.com\/eus\/wp-json\/wp\/v2\/comments?post=2"}],"version-history":[{"count":512,"href":"https:\/\/decoracionalexandruleon.com\/eus\/wp-json\/wp\/v2\/pages\/2\/revisions"}],"predecessor-version":[{"id":2062,"href":"https:\/\/decoracionalexandruleon.com\/eus\/wp-json\/wp\/v2\/pages\/2\/revisions\/2062"}],"wp:attachment":[{"href":"https:\/\/decoracionalexandruleon.com\/eus\/wp-json\/wp\/v2\/media?parent=2"}],"curies":[{"name":"wp","href":"https:\/\/api.w.org\/{rel}","templated":true}]}}